NOAA-Style Climate Reports

Select a Year or Month report
2024: Ιαν Φεβ Μάρ Απρ Μάϊ Ιού Ιού Αύγ Σεπ Οκτ Νοέ Δεκ
2023: Ιαν Φεβ Μάρ Απρ Μάϊ Ιού Ιού Αύγ Σεπ Οκτ Νοέ Δεκ
2022: Ιαν Φεβ Μάρ Απρ Μάϊ Ιού Ιού Αύγ Σεπ Οκτ Νοέ Δεκ
2021: Ιαν Φεβ Μάρ Απρ Μάϊ Ιού Ιού Αύγ Σεπ Οκτ Νοέ Δεκ
2020: Ιαν Φεβ Μάρ Απρ Μάϊ Ιού Ιού Αύγ Σεπ Οκτ Νοέ Δεκ

Report for 2024 Μάϊος
                   MONTHLY CLIMATOLOGICAL SUMMARY for MAY. 2024

NAME: Modi Plant Nurseries   CITY: Modi   STATE: Thessaloniki 
ELEV:    46 m  LAT: 040:37:34  LONG: -023:36:37

                   TEMPERATURE (°C), RAIN  (mm), WIND SPEED (km/hr)

                                      HEAT  COOL        AVG
    MEAN                              DEG   DEG         WIND                 DOM
DAY TEMP  HIGH   TIME   LOW    TIME   DAYS  DAYS  RAIN  SPEED HIGH   TIME    DIR
------------------------------------------------------------------------------------
 1  17.3  23.1   16:30  11.6    6:30   2.1   1.2   0.0   5.1  32.2   17:30     E
 2  18.9  27.1   16:30  12.6    7:00   1.7   2.3   0.0   2.9  22.5   22:30     N
 3  17.1  23.7   13:30  12.5    6:00   2.1   0.9   0.6   5.5  54.7   14:00    NW
 4  15.1  18.4   16:00  12.3    8:30   3.3   0.0  14.4   5.5  29.0    5:30   WSW
 5  16.6  25.5   15:30   8.5    6:30   3.2   1.5   0.0   3.9  32.2   17:00     E
 6  16.3  23.0   13:30   9.0    7:00   3.1   1.1   0.0   5.6  35.4   17:00     E
 7  17.7  26.9   13:30  10.5    6:30   2.5   2.0   0.0   5.1  32.2   15:30     E
 8  17.8  23.8   15:00  11.3    6:30   2.2   1.6   0.0   7.6  37.0   14:30     E
 9  16.9  21.8   12:30  11.7    5:00   2.1   0.8   2.4   5.8  38.6   16:30     E
10  15.6  17.9   16:00  13.5   00:00   2.7   0.0   3.4   3.7  30.6    8:30     E
11  16.9  24.1   17:30  13.1    5:30   2.5   1.0   0.0   2.3  16.1   11:00    SW
12  17.6  27.6   16:30   8.3    6:30   3.1   2.4   0.0   2.4  29.0   22:00     N
13  16.7  22.1   16:00   9.9    6:30   2.5   0.9   0.0   6.8  35.4   17:30     N
14  15.8  19.1   15:30  13.5    7:00   2.6   0.0   0.0   6.4  30.6   15:30     E
15  15.1  18.7   16:00  12.6    6:00   3.2   0.0   0.8   5.0  32.2   16:00     N
16  14.1  16.0    9:30  11.2   00:00   4.2   0.0   3.0   3.4  25.7   19:00     N
17  15.1  21.2   17:00   8.5    5:30   3.7   0.4   0.0   5.8  25.7   16:00     E
18  17.4  23.8   14:30  10.6    6:30   2.3   1.5   0.0   7.1  37.0   16:00     E
19  20.2  27.1   16:00  15.9    6:30   0.7   2.5   0.4   5.5  27.4   18:00     E
20  19.9  24.6   16:30  16.1    6:00   0.5   2.2   0.0   8.2  33.8   13:30     E
21  19.4  23.6   16:00  14.1    6:30   1.1   2.2   0.0   8.4  37.0   15:00     E
22  19.1  25.9   13:00  11.4    6:30   1.8   2.6   0.0   7.6  40.2   15:00     E
23  19.9  29.3   14:30  14.6    6:30   1.0   2.6   1.4   4.2  40.2   18:30     N
24  19.3  29.6   14:30  12.0    6:00   1.7   2.4   0.2   2.3  32.2   16:30     E
25
26
27
28
29
30
31
-------------------------------------------------------------------------------------
    17.3  29.6    24     8.3    12    55.7  32.1  26.6   5.2  54.7     3       E

Max >=  32.0:  0
Max <=   0.0:  0
Min <=   0.0:  0
Min <= -18.0:  0
Max Rain: 14.40 ON 04/05/24
Days of Rain: 9 (> .2 mm) 4 (> 2 mm) 0 (> 20 mm)
Heat Base:  18.3  Cool Base:  18.3  Method: Integration