MONTHLY CLIMATOLOGICAL SUMMARY for JUN. 2022

NAME:    CITY:  STATE: 
ELEV:  LAT:  LONG: 

                            TEMPERATURE ( C), RAIN (mm), WIND SPEED (kmh)

                                               HEAT     COOL           AVG
      MEAN                                     DEG      DEG            WIND                       DOM
DAY   TEMP    HIGH   TIME     LOW    TIME      DAYS     DAYS    RAIN   SPEED    HIGH    TIME      DIR
--------------------------------------------------------------------------------------------------------
20    21.6    27.3   17:09    10.7   07:05     00.0     03.3    00.0   01.9     12.9    20:03      NW
21    21.4    31.4   16:36    11.6   06:49     00.0     03.1    00.0   01.2     14.8    14:54      N 
22    22.5    31.3   15:12    14.8   06:45     00.0     04.2    00.0   01.1     12.9    14:58      N 
23    21.2    30.7   14:28    14.8   06:33     00.0     02.9    04.2   01.5     18.5    14:33      N 
24    20.6    27.0   17:24    16.0   06:04     00.0     02.3    00.6   01.4     12.9    18:01      NW
25    21.3    30.5   16:06    14.3   06:08     00.0     03.0    17.4   02.0     24.1    16:53     NNW
26    20.9    26.9   14:40    16.3   06:48     00.0     02.6    20.1   01.5     16.6    21:17      NW
27    21.4    28.6   15:53    16.5   07:08     00.0     03.1    00.0   01.0     11.1    17:05     NNW
28    21.2    30.4   16:51    14.6   06:56     00.0     02.9    12.3   01.4     16.6    15:33     NNW
29    21.6    30.0   16:42    15.7   07:57     00.0     03.3    01.2   01.2     14.8    20:27      NW
30    22.5    31.1   16:34    15.2   05:32     00.0     04.2    00.0   01.0     12.9    20:00     NNW
--------------------------------------------------------------------------------------------------------
21.5 (22.1)   31.4  day 21     10.7  day 20   000.0    034.9   133.8   01.4     24.1   day 25     NNW
Max >=  30: 7
Min <=   30: 11
Max Rain: 20.1 ON 26-06-22
Days of Rain: 6 (> .2mm) 4 (> 2mm) 1 (> 20mm)