MONTHLY CLIMATOLOGICAL SUMMARY for OCT. 2019

NAME:    CITY:  STATE: 
ELEV:  LAT:  LONG: 

                            TEMPERATURE ( C), RAIN (mm), WIND SPEED (kmh)

                                               HEAT     COOL           AVG
      MEAN                                     DEG      DEG            WIND                       DOM
DAY   TEMP    HIGH   TIME     LOW    TIME      DAYS     DAYS    RAIN   SPEED    HIGH    TIME      DIR
--------------------------------------------------------------------------------------------------------
01    20.6    28.7   16:30    14.3   06:34     00.0     02.3    00.0   03.0     20.4    16:12     WNW
02    19.7    27.3   14:54    12.3   08:02     00.0     01.4    00.0   04.7     25.9    17:33      NW
03    17.9    20.4   01:07    14.7   23:09     00.4     00.0    36.6   04.7     25.9    20:11     WNW
04    16.5    21.3   15:43    13.5   07:17     01.8     00.0    39.3   05.2     29.6    02:29     WNW
05    16.5    20.6   16:39    12.7   07:53     01.8     00.0    00.0   03.6     18.5    16:45      W 
06    17.8    23.5   15:30    13.2   08:35     00.5     00.0    00.0   03.3     18.5    15:55      W 
07    15.1    18.2   18:19    11.3   08:57     03.2     00.0    01.2   02.6     12.9    21:54      W 
08    17.5    22.0   15:38    14.5   23:54     00.8     00.0    00.0   03.5     16.6    17:36      W 
09    17.2    25.9   00:00    12.0   02:49     01.1     00.0    02.4   02.0     12.9    23:49      NW
10    19.8    27.6   00:00    14.4   15:04     00.0     01.5    00.3   01.8     09.3    22:19      N 
12    22.3    27.6   16:01    17.8   00:00     00.0     04.0    00.0   02.5     14.8    18:00      N 
13    19.4    26.9   15:35    13.5   07:28     00.0     01.1    00.0   02.1     16.6    16:15     WNW
14    19.2    27.2   15:49    13.0   05:51     00.0     00.9    00.0   02.2     14.8    15:47      W 
15    18.4    26.0   15:30    12.2   08:08     00.0     00.1    03.9   02.5     16.6    14:42      W 
--------------------------------------------------------------------------------------------------------
18.4 (19.0)   28.7  day 01     11.3  day 07   009.7    011.4   083.7   03.1     29.6   day 04     WNW
Min <=   30: 14
Max Rain: 39.3 ON 4-10-19
Days of Rain: 6 (> .2mm) 4 (> 2mm) 2 (> 20mm)