MONTHLY CLIMATOLOGICAL SUMMARY for DEC. 2019

NAME:    CITY:  STATE: 
ELEV:  LAT:  LONG: 

                            TEMPERATURE ( C), RAIN (mm), WIND SPEED (kmh)

                                               HEAT     COOL           AVG
      MEAN                                     DEG      DEG            WIND                       DOM
DAY   TEMP    HIGH   TIME     LOW    TIME      DAYS     DAYS    RAIN   SPEED    HIGH    TIME      DIR
--------------------------------------------------------------------------------------------------------
03    08.6    11.4   23:32    05.1   02:15     09.7     00.0    10.8   00.8     16.6    03:19     WNW
04    09.8    12.3   14:23    05.0   00:00     08.5     00.0    05.4   02.2     22.2    16:44     WNW
05    05.7    09.7   15:55    00.9   06:46     12.6     00.0    00.0   02.6     12.9    15:47      W 
06    10.4    13.4   16:00    07.7   02:33     07.9     00.0    01.5   01.6     09.3    14:58      W 
07    12.2    14.2   14:23    10.8   00:00     06.1     00.0    08.1   02.0     20.4    15:37     WNW
08    09.5    14.1   15:57    06.1   00:00     08.8     00.0    00.0   01.7     11.1    15:06     WNW
09    06.6    09.5   16:00    04.7   08:37     11.7     00.0    00.3   01.4     09.3    19:25     WNW
10    08.4    09.7   23:58    07.4   04:43     09.9     00.0    08.1   01.6     16.6    23:52      NW
11    09.9    12.5   12:04    05.1   23:54     08.4     00.0    01.5   10.5     48.1    01:20      NW
12    06.9    13.3   14:12    01.4   08:08     11.4     00.0    01.8   02.2     14.8    01:22     WNW
13    08.4    15.5   20:50    06.5   03:06     09.9     00.0    05.4   04.9     24.1    23:39      NW
14    09.0    13.7   20:54    07.3   09:29     09.3     00.0    25.8   05.2     25.9    01:39      NW
15    08.4    16.1   15:26    03.0   07:26     09.9     00.0    00.0   01.3     12.9    00:36      NW
16    07.0    15.2   16:10    01.3   15:51     11.3     00.0    00.3   00.8     44.4    10:09     WNW
17    09.7    12.5   03:59    07.9   16:05     08.6     00.0    00.0   05.9     81.4    00:46      NW
18    10.5    10.6   12:34    10.2   00:00     07.8     00.0    00.0   08.3     12.9    00:00      NW
19    10.1    10.2   01:19    10.0   00:00     08.2     00.0    00.0   05.9     16.6    22:34      NW
20    09.9    10.0   11:19    09.7   00:00     08.4     00.0    00.0   10.0     14.8    15:34      NW
21    09.5    09.7   04:19    09.4   00:00     08.8     00.0    00.0   08.2     12.9    21:19      NW
22    09.2    09.4   01:34    09.2   00:00     09.1     00.0    00.0   08.8     14.8    22:49      NW
23    09.2    12.6   00:00    05.8   22:54     09.1     00.0    03.6   07.7     18.5    22:14      NW
24    08.7    12.6   11:57    07.3   11:29     09.6     00.0    00.0   01.9     12.9    23:56      W 
--------------------------------------------------------------------------------------------------------
09.0 (9.3)   16.1  day 15     00.0  day 25   204.9    000.0   069.3   04.3     81.4   day 16     WNW
Min <=   30: 22
Max Rain: 25.8 ON 14-12-19
Days of Rain: 12 (> .2mm) 7 (> 2mm) 1 (> 20mm)